{"id":3443,"date":"2025-11-26T17:25:55","date_gmt":"2025-11-26T16:25:55","guid":{"rendered":"https:\/\/brigetiosport.hu\/wordpress\/?page_id=3443"},"modified":"2025-11-26T17:43:38","modified_gmt":"2025-11-26T16:43:38","slug":"winter-ride-challenge","status":"publish","type":"page","link":"https:\/\/brigetiosport.hu\/wordpress\/winter-ride-challenge\/","title":{"rendered":"Winter Ride Challenge"},"content":{"rendered":"\n\t\t<div id='gallery-1' class='gallery galleryid-3443 gallery-columns-1 gallery-size-large gal251126'><script type=\"text\/javascript\">\r\n\/\/ <![CDATA[\r\n\tjQuery(document).ready(function () {\r\n\t\tjQuery(\".gal251126 a\").attr(\"rel\",\"gal251126\");\t\r\n\t\tjQuery('a[rel=\"gal251126\"]').colorbox({maxWidth:\"95%\", maxHeight:\"95%\",title: function(){ return jQuery(this).children().attr(\"alt\"); }});\r\n\t});\r\n\/\/ ]]>\r\n<\/script>\n<figure class=\"gallery-item\">\n<div class=\"gallery-icon\">\r\n<a href=\"https:\/\/brigetiosport.hu\/wordpress\/wp-content\/uploads\/2025\/11\/brigetio_winter_ride_challenge.jpg\" title=\"\" rel=\"gal251126\"><img loading=\"lazy\" decoding=\"async\" src=\"https:\/\/brigetiosport.hu\/wordpress\/wp-content\/uploads\/2025\/11\/brigetio_winter_ride_challenge-1024x576.jpg\" width=\"840\" height=\"473\" alt=\"\" \/><\/a>\r\n<\/div><\/figure>\r\n\t\t<\/div>\n\n<p>Id\u00e9n t\u00e9len egy olyan online ker\u00e9kp\u00e1ros sorozattal k\u00e9sz\u00fcl\u00fcnk, amelyben a teljes\u00edt\u00e9s \u00e9lm\u00e9nye \u00e9s a verseny izgalma tal\u00e1lkozik. A Brigetio Winter Ride Challenge c\u00e9lja, hogy a hobbibring\u00e1st\u00f3l a tapasztalt versenyz\u0151ig b\u00e1rki megtal\u00e1lja a saj\u00e1t kih\u00edv\u00e1s\u00e1t: aki szeretn\u00e9, egyszer\u0171en csak letekeri a futamokat a saj\u00e1t k\u00e9nyelmes temp\u00f3j\u00e1ban, aki pedig versenyezne, az indulhat a d\u00edjak\u00e9rt az \u00f6sszetett pontversenyben. A kih\u00edv\u00e1s 3 h\u00f3napon \u00e1t zajlik, \u00f6sszesen 9 Rouvy-futammal.<\/p>\n<p>A kih\u00edv\u00e1s 9 futamb\u00f3l \u00e1ll, de csak 6 teljes\u00edt\u00e9se sz\u00fcks\u00e9ges ahhoz, hogy:<br \/>\n\u2b50 FINISHER legy\u00e9l<br \/>\n\u2b50 felker\u00fclj a t\u00e9li teljes\u00edt\u0151k csarnok\u00e1ba<br \/>\n\u2b50 oklevelet kapj<br \/>\n\u2b50 r\u00e9szt vegy\u00e9l az \u00f6sszetett \u00e9rt\u00e9kel\u00e9sben<br \/>\n\u2b50 -10% kedvezm\u00e9nyt kapj a j\u00f6v\u0151 \u00e9vi versenyeink \u2013 Brigetio Orsz\u00e1g\u00fati Mez\u0151nyverseny, Brigetio Id\u0151futam \u2013 \u00e1r\u00e1b\u00f3l<br \/>\n\u2b50 Szab\u00e1lyok<br \/>\n\u2022 A Brigetio Winter Ride Challenge \u00f6sszesen 9 futamb\u00f3l \u00e1ll, amelyeket december \u00e9s febru\u00e1r k\u00f6z\u00f6tt rendez\u00fcnk meg. A szakaszok jellemz\u0151en 1\u20131,5 \u00f3r\u00e1sak, \u00e9s minden h\u00f3napban egy s\u00edk, egy dombos \u00e9s egy hegyi p\u00e1lya szerepel a programban. A futamok s\u00edk, dombos \u00e9s hegyi szakaszokon zajlanak, v\u00e1ltozatos neh\u00e9zs\u00e9ggel, hogy minden r\u00e9sztvev\u0151 megtal\u00e1lja a sz\u00e1m\u00e1ra kedvez\u0151 terepet.<br \/>\n\u2022 Minden futamnak van egy hivatalos k\u00f6z\u00f6s rajtja, amelyet el\u0151re megadott id\u0151pontban tartunk a ROUVY fel\u00fclet\u00e9n (weben: www.rouvy.com vagy a ROUVY alkalmaz\u00e1sban).<br \/>\n\u2022 Minden futamon a r\u00e9sztvev\u0151k a be\u00e9rkez\u00e9si sorrendj\u00fck -id\u0151eredm\u00e9ny szerinti helyez\u00e9s\u00fck-alapj\u00e1n pontokat kapnak. A futamokon szerzett pontok \u00f6sszead\u00f3dnak \u00e9s ezek hat\u00e1rozz\u00e1k meg az \u00f6sszetett ranglist\u00e1t, illetve a kateg\u00f3riagy\u0151zteseket.<br \/>\n\u2022 Pontegyenl\u0151s\u00e9g eset\u00e9n a sorrendet a t\u00f6bb jobb helyez\u00e9s d\u00f6nti el (t\u00f6bb 1. hely, majd t\u00f6bb 2. hely, t\u00f6bb 3. hely stb.). Amennyiben a helyez\u00e9sek sz\u00e1ma azonos, akkor a r\u00e9sztvev\u0151 legjobb egy\u00e9ni id\u0151eredm\u00e9nye ker\u00fcl \u00f6sszehasonl\u00edt\u00e1sra. Ha tov\u00e1bbra is egyenl\u0151s\u00e9g \u00e1ll fenn, az a versenyz\u0151 ker\u00fcl el\u0151r\u00e9bb, aki t\u00f6bb futamon vett r\u00e9szt. V\u00e9gs\u0151 esetben a z\u00e1r\u00f3futam eredm\u00e9nye d\u00f6nt.<br \/>\n\u2022 A futamok priv\u00e1t Rouvy-esem\u00e9nyek, amelyekhez kiz\u00e1r\u00f3lag a nevez\u0151k -k\u00f6zvetlen a verseny el\u0151tt- e-mailben kapnak hozz\u00e1f\u00e9r\u00e9st. K\u00fcls\u0151s nem csatlakozhat.<br \/>\n\u2022 A kih\u00edv\u00e1s teljes\u00edt\u00e9s\u00e9hez legal\u00e1bb 6 futam sikeres teljes\u00edt\u00e9se sz\u00fcks\u00e9ges a 9-b\u0151l. Aki ezt teljes\u00edti, FINISHER st\u00e1tuszt kap.<br \/>\n\u2022 A FINISHER-ek felker\u00fclnek a T\u00e9li Teljes\u00edt\u0151k Csarnok\u00e1ba, online let\u00f6lthet\u0151 oklevelet kapnak \u00e9s jogosultak az \u00f6sszetett pontversenyben val\u00f3 szerepl\u00e9sre.<br \/>\n\u2022 Minden futamon pontoz\u00e1sos rendszer alapj\u00e1n \u00e9rt\u00e9kel\u00fcnk; az \u00f6sszetett bajnoks\u00e1g a 9 futam sor\u00e1n gy\u0171jt\u00f6tt pontok alapj\u00e1n alakul ki.<br \/>\n\u2022 A futamok teljes\u00edt\u00e9se sor\u00e1n a Rouvy \u00e1ltal m\u00e9rt hivatalos id\u0151eredm\u00e9ny a m\u00e9rvad\u00f3.<br \/>\n\u2022 A r\u00e9szv\u00e9tel felt\u00e9tele smart trainer vagy powermeter alap\u00fa teljes\u00edtm\u00e9nym\u00e9r\u00e9s haszn\u00e1lata. Virtual power nem aj\u00e1nlott.<br \/>\n\u2022 A r\u00e9sztvev\u0151k v\u00e1llalj\u00e1k a sportszer\u0171 r\u00e9szv\u00e9telt. Gyan\u00fa eset\u00e9n a szervez\u0151k jogosultak tests\u00faly- vagy teljes\u00edtm\u00e9nyellen\u0151rz\u00e9st k\u00e9rni.<br \/>\n\u2022 A kih\u00edv\u00e1s v\u00e9g\u00e9n \u00f6sszetett eredm\u00e9nyhirdet\u00e9s t\u00f6rt\u00e9nik, kateg\u00f3ri\u00e1k szerinti \u00e9rt\u00e9kel\u00e9ssel. A kateg\u00f3ria helyezetteket a Facebook oldalunkon \u00e9s weboldalunkon tessz\u00fck k\u00f6zz\u00e9.<br \/>\n\u2022 Minden FINISHER 10% kedvezm\u00e9nyt kap a 2026-os Brigetio Orsz\u00e1g\u00fati Mez\u0151nyverseny \u00e9s Brigetio Id\u0151futam nevez\u00e9si d\u00edj\u00e1b\u00f3l.<\/p>\n<p>\u2b50 Pontt\u00e1bl\u00e1zat<br \/>\nHelyez\u00e9s Pont<br \/>\n1. 50<br \/>\n2. 45<br \/>\n3. 40<br \/>\n4. 36<br \/>\n5. 32<br \/>\n6. 29<br \/>\n7. 26<br \/>\n8. 24<br \/>\n9. 22<br \/>\n10. 20<br \/>\n11. 18<br \/>\n12. 16<br \/>\n13. 14<br \/>\n14. 12<br \/>\n15. 10<br \/>\n16. 9<br \/>\n17. 8<br \/>\n18. 7<br \/>\n19. 6<br \/>\n20. 5<br \/>\n21. 4<br \/>\n22. 3<br \/>\n23. 2<br \/>\n24-100. 1<\/p>\n<p>\u2b50 Brigetio Winter Ride Challenge \u2013 Korcsoportok (2025)<br \/>\nKateg\u00f3ria \u00c9letkor Sz\u00fclet\u00e9si \u00e9v<br \/>\nF\u00e9rfi feln\u0151tt 18\u201339 \u00e9v 1986 \u2013 2007<br \/>\nF\u00e9rfi master 40\u201349 \u00e9v 1976 \u2013 1985<br \/>\nF\u00e9rfi senior 50 \u00e9v felett 1975 vagy kor\u00e1bban<br \/>\nN\u0151i feln\u0151tt 18\u201339 \u00e9v 1986 \u2013 2007<br \/>\nN\u0151i master 40 \u00e9v felett 1985 vagy kor\u00e1bban<br \/>\nU15 (fi\u00fa\/l\u00e1ny) 14 \u00e9v \u00e9s fiatalabb 2011 vagy k\u00e9s\u0151bb<br \/>\nU19 (fi\u00fa\/l\u00e1ny) 15\u201318 \u00e9v 2007 \u2013 2010<\/p>\n<p>\u2b50 Nevez\u00e9s \u00e9s nevez\u00e9si d\u00edj<br \/>\nA Brigetio Winter Ride Challenge futamaira futamonk\u00e9nt k\u00fcl\u00f6n kell nevezni. A nevez\u00e9si linket ezen esem\u00e9nyben tessz\u00fck k\u00f6zz\u00e9.<br \/>\nA nevez\u00e9si d\u00edj egys\u00e9gesen 1 000 Ft \/ futam.<br \/>\nA nevez\u00e9s akkor \u00e9rv\u00e9nyes, ha a nevez\u0151 a nevez\u00e9si d\u00edjat<br \/>\n\u00e1tutal\u00e1ssal befizeti a Brigetio Ker\u00e9kp\u00e1ros Sportegyes\u00fclet sz\u00e1ml\u00e1j\u00e1ra, az adott futam ki\u00edr\u00e1s\u00e1ban meghat\u00e1rozott m\u00f3don \u00e9s hat\u00e1rid\u0151ig.<\/p>\n<p>Banksz\u00e1mlasz\u00e1m:<br \/>\nBrigetio Ker\u00e9kp\u00e1ros Sportegyes\u00fclet<br \/>\n10403631-50526775-68811005<\/p>\n<p>A k\u00f6zlem\u00e9ny rovatba k\u00e9rj\u00fck felt\u00fcntetni: \u201eWinter Ride \u2013 [Futam sorsz\u00e1ma] \u2013 [N\u00e9v]\u201d (P\u00e9ld\u00e1ul: \u201eWinter Ride \u2013 1. futam \u2013 Kov\u00e1cs P\u00e9ter\u201d)<br \/>\nA be\u00e9rkezett befizet\u00e9st k\u00f6vet\u0151en a nevez\u0151 megkapja a futamhoz tartoz\u00f3 priv\u00e1t Rouvy-csatlakoz\u00e1si linket \u00e9s minden sz\u00fcks\u00e9ges inform\u00e1ci\u00f3t.<br \/>\nA nevez\u00e9si d\u00edj befizet\u00e9se ut\u00e1n a nevez\u00e9s nem visszat\u00e9r\u00edthet\u0151, de a futam a teljes id\u0151ablak alatt teljes\u00edthet\u0151. A nevez\u00e9ssel a r\u00e9sztvev\u0151 elfogadja a bajnoks\u00e1g szab\u00e1lyzat\u00e1t, a Fair Play el\u0151\u00edr\u00e1sokat, valamint a technikai felt\u00e9teleket.<\/p>\n<p>\u2b50 Kapcsolattart\u00e1s<br \/>\nKapcsolattart\u00e1s \/ k\u00e9rd\u00e9s eset\u00e9n el\u00e9rhet\u0151s\u00e9g<br \/>\ne-mail c\u00edm: brigetiosport@gmail.com<br \/>\ntelefonsz\u00e1m: 06303554436<br \/>\nCsatlakozzatok az esem\u00e9nyhez, ahol hamarosan k\u00f6zz\u00e9 tessz\u00fck az 1. szakasz \u00fatvonal\u00e1t \u00e9s nevez\u00e9si oldal\u00e1t! \ud83d\udd25\ud83d\udeb4\u200d\u2642\ufe0f<\/p>\n","protected":false},"excerpt":{"rendered":"<p>Id\u00e9n t\u00e9len egy olyan online ker\u00e9kp\u00e1ros sorozattal k\u00e9sz\u00fcl\u00fcnk, amelyben a teljes\u00edt\u00e9s \u00e9lm\u00e9nye \u00e9s a verseny izgalma tal\u00e1lkozik. A Brigetio Winter Ride Challenge c\u00e9lja, hogy a hobbibring\u00e1st\u00f3l a tapasztalt versenyz\u0151ig b\u00e1rki megtal\u00e1lja a saj\u00e1t kih\u00edv\u00e1s\u00e1t: aki szeretn\u00e9, egyszer\u0171en csak letekeri a futamokat a saj\u00e1t k\u00e9nyelmes temp\u00f3j\u00e1ban, aki pedig versenyezne, az indulhat a d\u00edjak\u00e9rt az \u00f6sszetett pontversenyben. &hellip; <a href=\"https:\/\/brigetiosport.hu\/wordpress\/winter-ride-challenge\/\" class=\"more-link\"><span class=\"screen-reader-text\">&#8222;Winter Ride Challenge&#8221;<\/span> b\u0151vebben<\/a><\/p>\n","protected":false},"author":1,"featured_media":0,"parent":0,"menu_order":0,"comment_status":"closed","ping_status":"closed","template":"","meta":{"footnotes":""},"_links":{"self":[{"href":"https:\/\/brigetiosport.hu\/wordpress\/wp-json\/wp\/v2\/pages\/3443"}],"collection":[{"href":"https:\/\/brigetiosport.hu\/wordpress\/wp-json\/wp\/v2\/pages"}],"about":[{"href":"https:\/\/brigetiosport.hu\/wordpress\/wp-json\/wp\/v2\/types\/page"}],"author":[{"embeddable":true,"href":"https:\/\/brigetiosport.hu\/wordpress\/wp-json\/wp\/v2\/users\/1"}],"replies":[{"embeddable":true,"href":"https:\/\/brigetiosport.hu\/wordpress\/wp-json\/wp\/v2\/comments?post=3443"}],"version-history":[{"count":2,"href":"https:\/\/brigetiosport.hu\/wordpress\/wp-json\/wp\/v2\/pages\/3443\/revisions"}],"predecessor-version":[{"id":3449,"href":"https:\/\/brigetiosport.hu\/wordpress\/wp-json\/wp\/v2\/pages\/3443\/revisions\/3449"}],"wp:attachment":[{"href":"https:\/\/brigetiosport.hu\/wordpress\/wp-json\/wp\/v2\/media?parent=3443"}],"curies":[{"name":"wp","href":"https:\/\/api.w.org\/{rel}","templated":true}]}}