{"id":152,"date":"2017-03-07T20:15:11","date_gmt":"2017-03-07T19:15:11","guid":{"rendered":"http:\/\/brigetiosport.hu\/wordpress\/?page_id=152"},"modified":"2017-03-07T20:26:40","modified_gmt":"2017-03-07T19:26:40","slug":"egeszsegmegorzo-turasorozat","status":"publish","type":"page","link":"https:\/\/brigetiosport.hu\/wordpress\/rendezvenyeink\/egeszsegmegorzo-turasorozat\/","title":{"rendered":"Eg\u00e9szs\u00e9gmeg\u0151rz\u0151 t\u00farasorozat"},"content":{"rendered":"<p style=\"text-align: center;\">Gyere, \u00e9s \u00e9rezd j\u00f3l magad! Egyes\u00fclet\u00fcnk 2017-ben az al\u00e1bbi ker\u00e9kp\u00e1ros t\u00far\u00e1kkal v\u00e1rja a kikapcsol\u00f3dni v\u00e1gy\u00f3kat. A t\u00far\u00e1kon kort\u00f3l, ker\u00e9kp\u00e1ros m\u00faltt\u00f3l f\u00fcggetlen\u00fcl b\u00e1rki r\u00e9szt vehet, c\u00e9lunk, hogy mindenki kikapcsol\u00f3djon \u00e9s kellemesen elf\u00e1radjon. Csal\u00e1dosok sz\u00e1m\u00e1ra is remek kikapcsol\u00f3d\u00e1si lehet\u0151s\u00e9get biztos\u00edtanak t\u00far\u00e1ink, a gyermekek kifejezetten j\u00f3l szokt\u00e1k \u00e9rezni magukat. A t\u00e1vok hossza ne riasszon vissza senkit, a kir\u00e1ndul\u00e1sok 2-3 \u00f3r\u00e1t vesznek ig\u00e9nybe, melyek k\u00e9nyelmes temp\u00f3ban ker\u00fclnek lebonyol\u00edt\u00e1sra. A t\u00far\u00e1kon val\u00f3 r\u00e9szv\u00e9tel teljesen ingyenes.<\/p>\n<p style=\"text-align: center;\"><img loading=\"lazy\" decoding=\"async\" class=\"aligncenter wp-image-153\" src=\"https:\/\/brigetiosport.hu\/wordpress\/wp-content\/uploads\/2017\/03\/csaladi_egeszsegmegorzo_a5.jpg\" alt=\"\" width=\"448\" height=\"609\" srcset=\"https:\/\/brigetiosport.hu\/wordpress\/wp-content\/uploads\/2017\/03\/csaladi_egeszsegmegorzo_a5.jpg 700w, https:\/\/brigetiosport.hu\/wordpress\/wp-content\/uploads\/2017\/03\/csaladi_egeszsegmegorzo_a5-221x300.jpg 221w\" sizes=\"(max-width: 448px) 85vw, 448px\" \/><\/p>\n<p style=\"text-align: center;\">Egy\u00e9b inform\u00e1ci\u00f3k:<\/p>\n<p>A ker\u00e9kp\u00e1ros t\u00far\u00e1k nem z\u00e1rt \u00fatvonalon haladnak, ez\u00e9rt a KRESZ (1\/1975 kpm-bm egy\u00fcttes rendelet), tov\u00e1bb\u00e1 a K\u00d6H\u00c9M betart\u00e1sa k\u00f6telez\u0151. Szem\u00e9lyi s\u00e9r\u00fcl\u00e9s\u00e9t, anyagi k\u00e1r\u00e9rt felel\u0151ss\u00e9get a szervez\u0151k nem v\u00e1llalnak, mindenki a saj\u00e1t felel\u0151ss\u00e9g\u00e9re vehet r\u00e9szt a t\u00far\u00e1kon. Csokit, vizet egyes\u00fclet\u00fcnk biztos\u00edt, azonban \u00e9rdemes a r\u00e9sztvev\u0151knek tov\u00e1bbi friss\u00edt\u00e9st magukkal hozni. A szervez\u0151k az \u00fatvonal m\u00f3dos\u00edt\u00e1s\u00e1nak jog\u00e1t fenntartj\u00e1k.<\/p>\n<p>&#8211; Buk\u00f3sisak haszn\u00e1lata aj\u00e1nlott.<br \/>\n&#8211; S\u00e1rga mell\u00e9ny haszn\u00e1lata korl\u00e1tozott l\u00e1t\u00e1si viszonyok k\u00f6z\u00f6tt k\u00f6telez\u0151.<\/p>\n","protected":false},"excerpt":{"rendered":"<p>Gyere, \u00e9s \u00e9rezd j\u00f3l magad! Egyes\u00fclet\u00fcnk 2017-ben az al\u00e1bbi ker\u00e9kp\u00e1ros t\u00far\u00e1kkal v\u00e1rja a kikapcsol\u00f3dni v\u00e1gy\u00f3kat. A t\u00far\u00e1kon kort\u00f3l, ker\u00e9kp\u00e1ros m\u00faltt\u00f3l f\u00fcggetlen\u00fcl b\u00e1rki r\u00e9szt vehet, c\u00e9lunk, hogy mindenki kikapcsol\u00f3djon \u00e9s kellemesen elf\u00e1radjon. Csal\u00e1dosok sz\u00e1m\u00e1ra is remek kikapcsol\u00f3d\u00e1si lehet\u0151s\u00e9get biztos\u00edtanak t\u00far\u00e1ink, a gyermekek kifejezetten j\u00f3l szokt\u00e1k \u00e9rezni magukat. A t\u00e1vok hossza ne riasszon vissza senkit, a kir\u00e1ndul\u00e1sok &hellip; <a href=\"https:\/\/brigetiosport.hu\/wordpress\/rendezvenyeink\/egeszsegmegorzo-turasorozat\/\" class=\"more-link\"><span class=\"screen-reader-text\">&#8222;Eg\u00e9szs\u00e9gmeg\u0151rz\u0151 t\u00farasorozat&#8221;<\/span> b\u0151vebben<\/a><\/p>\n","protected":false},"author":3,"featured_media":0,"parent":56,"menu_order":0,"comment_status":"closed","ping_status":"closed","template":"","meta":{"footnotes":""},"_links":{"self":[{"href":"https:\/\/brigetiosport.hu\/wordpress\/wp-json\/wp\/v2\/pages\/152"}],"collection":[{"href":"https:\/\/brigetiosport.hu\/wordpress\/wp-json\/wp\/v2\/pages"}],"about":[{"href":"https:\/\/brigetiosport.hu\/wordpress\/wp-json\/wp\/v2\/types\/page"}],"author":[{"embeddable":true,"href":"https:\/\/brigetiosport.hu\/wordpress\/wp-json\/wp\/v2\/users\/3"}],"replies":[{"embeddable":true,"href":"https:\/\/brigetiosport.hu\/wordpress\/wp-json\/wp\/v2\/comments?post=152"}],"version-history":[{"count":2,"href":"https:\/\/brigetiosport.hu\/wordpress\/wp-json\/wp\/v2\/pages\/152\/revisions"}],"predecessor-version":[{"id":157,"href":"https:\/\/brigetiosport.hu\/wordpress\/wp-json\/wp\/v2\/pages\/152\/revisions\/157"}],"up":[{"embeddable":true,"href":"https:\/\/brigetiosport.hu\/wordpress\/wp-json\/wp\/v2\/pages\/56"}],"wp:attachment":[{"href":"https:\/\/brigetiosport.hu\/wordpress\/wp-json\/wp\/v2\/media?parent=152"}],"curies":[{"name":"wp","href":"https:\/\/api.w.org\/{rel}","templated":true}]}}